{"id":9874,"date":"2024-02-21T09:58:09","date_gmt":"2024-02-21T08:58:09","guid":{"rendered":"https:\/\/www.ebroresilience.com\/eventos\/life-local-forum-on-future-land-use-in-the-meander-of-el-senorio-castejon-navarre\/"},"modified":"2025-01-15T06:55:04","modified_gmt":"2025-01-15T05:55:04","slug":"life-local-forum-on-future-land-use-in-the-meander-of-el-senorio-castejon-navarre","status":"publish","type":"tribe_events","link":"https:\/\/www.ebroresilience.com\/en\/actualidad\/life-local-forum-on-future-land-use-in-the-meander-of-el-senorio-castejon-navarre\/","title":{"rendered":"LIFE &#8211; Local forum on future land use in the meander of El Se\u00f1or\u00edo, Castej\u00f3n (Navarre)"},"content":{"rendered":"<p><img fetchpriority=\"high\" decoding=\"async\" class=\"size-medium wp-image-9863 aligncenter\" src=\"https:\/\/www.ebroresilience.com\/wp-content\/uploads\/2024\/02\/WhatsApp-Image-2023-09-11-at-10.00.35-300x225.jpeg\" alt=\"\" width=\"300\" height=\"225\" srcset=\"https:\/\/www.ebroresilience.com\/wp-content\/uploads\/2024\/02\/WhatsApp-Image-2023-09-11-at-10.00.35-300x225.jpeg 300w, https:\/\/www.ebroresilience.com\/wp-content\/uploads\/2024\/02\/WhatsApp-Image-2023-09-11-at-10.00.35-1024x768.jpeg 1024w, https:\/\/www.ebroresilience.com\/wp-content\/uploads\/2024\/02\/WhatsApp-Image-2023-09-11-at-10.00.35-768x576.jpeg 768w, https:\/\/www.ebroresilience.com\/wp-content\/uploads\/2024\/02\/WhatsApp-Image-2023-09-11-at-10.00.35-1536x1152.jpeg 1536w, https:\/\/www.ebroresilience.com\/wp-content\/uploads\/2024\/02\/WhatsApp-Image-2023-09-11-at-10.00.35-195x146.jpeg 195w, https:\/\/www.ebroresilience.com\/wp-content\/uploads\/2024\/02\/WhatsApp-Image-2023-09-11-at-10.00.35-50x38.jpeg 50w, https:\/\/www.ebroresilience.com\/wp-content\/uploads\/2024\/02\/WhatsApp-Image-2023-09-11-at-10.00.35-100x75.jpeg 100w, https:\/\/www.ebroresilience.com\/wp-content\/uploads\/2024\/02\/WhatsApp-Image-2023-09-11-at-10.00.35-960x720.jpeg 960w, https:\/\/www.ebroresilience.com\/wp-content\/uploads\/2024\/02\/WhatsApp-Image-2023-09-11-at-10.00.35.jpeg 1600w\" sizes=\"(max-width:767px) 300px, 300px\" \/><\/p>\n<p>&nbsp;<\/p>\n<p>From the <strong>LIFE Ebro Resilience P1 Project<\/strong> we are involving the local population in the development of the interventions we carry out for flood risk reduction.<\/p>\n<p>Therefore, we invite all interested people to a <strong>deliberative day <\/strong>in which we will collectively reflect on the <strong>future uses of the land of the meander of El Se\u00f1or\u00edo<\/strong>, one of the areas of action. The forum will be held on <strong>March 6<\/strong><strong>from<\/strong><strong>5 p.m. to 8 p.m. at the Casa de Cultura of Castej\u00f3n<\/strong> (C\/Juli\u00e1n Gayarre, 4).&nbsp;<\/p>\n<p>&nbsp;<\/p>\n<p><strong>FORUM PROGRAM<\/strong><\/p>\n<ul>\n<li>Welcome and introduction of attendees. 10 min.<\/li>\n<li>Introduction and context: the LIFE Ebro Resilience P1 project. 10 min.<\/li>\n<li>El Se\u00f1or\u00edo meander project: flood adaptation and mitigation interventions. 5 min.<\/li>\n<li>Limitations on uses in the area of action. 20 min.<\/li>\n<li>El Se\u00f1or\u00edo meander project: river restoration interventions. 5 min.<\/li>\n<li>Future uses for the meander of El Se\u00f1or\u00edo: participatory dynamics. 90 min.&nbsp;<\/li>\n<li>Closing and next steps. 10 min.<\/li>\n<\/ul>\n<p>&nbsp;<\/p>\n<p>Registration at <a href=\"https:\/\/forms.gle\/yuwhEShcHvEyADA89\">https:\/\/forms.gle\/yuwhEShcHvEyADA89<\/a>&nbsp;<\/p>\n<p>Help us spread the word! Download the poster of the event <a href=\"https:\/\/www.ebroresilience.com\/wp-content\/uploads\/2024\/02\/Cartel-foro-El-Senorio.png\">here<\/a>.<\/p>\n<p>Previous documentation:<\/p>\n<ul>\n<li><a href=\"https:\/\/www.ebroresilience.com\/wp-content\/uploads\/2024\/02\/20240306-Programa-Foro-Usos-Futuros-El-Senorio.pdf\">Forum program<\/a><\/li>\n<li><a href=\"https:\/\/www.ebroresilience.com\/eventos\/life-jornada-y-visita-informativa-sobre-las-actuaciones-previstas-en-el-meandro-de-el-senorio-en-castejon\/\">Documentation of the information day on the actions planned for the Meander of El Se\u00f1or\u00edo in Castej\u00f3n, September 7, 2023.<\/a><\/li>\n<\/ul>\n","protected":false},"excerpt":{"rendered":"<p>&nbsp; From the LIFE Ebro Resilience P1 Project we are involving the local population in the development of the interventions we carry out for flood risk reduction. Therefore, we invite all interested people to a deliberative day in which we<span class=\"excerpt-hellip\"> [\u2026]<\/span><\/p>\n","protected":false},"author":36,"featured_media":0,"template":"","meta":{"_acf_changed":false,"ngg_post_thumbnail":0,"_tribe_events_status":"","_tribe_events_status_reason":"","footnotes":""},"tags":[381],"tribe_events_cat":[512],"class_list":["post-9874","tribe_events","type-tribe_events","status-publish","hentry","tag-life-ebro-resilience-p1-en","tribe_events_cat-workshops","cat_workshops"],"acf":[],"publishpress_future_workflow_manual_trigger":{"enabledWorkflows":[]},"_links":{"self":[{"href":"https:\/\/www.ebroresilience.com\/en\/wp-json\/wp\/v2\/tribe_events\/9874","targetHints":{"allow":["GET"]}}],"collection":[{"href":"https:\/\/www.ebroresilience.com\/en\/wp-json\/wp\/v2\/tribe_events"}],"about":[{"href":"https:\/\/www.ebroresilience.com\/en\/wp-json\/wp\/v2\/types\/tribe_events"}],"author":[{"embeddable":true,"href":"https:\/\/www.ebroresilience.com\/en\/wp-json\/wp\/v2\/users\/36"}],"version-history":[{"count":1,"href":"https:\/\/www.ebroresilience.com\/en\/wp-json\/wp\/v2\/tribe_events\/9874\/revisions"}],"predecessor-version":[{"id":9875,"href":"https:\/\/www.ebroresilience.com\/en\/wp-json\/wp\/v2\/tribe_events\/9874\/revisions\/9875"}],"wp:attachment":[{"href":"https:\/\/www.ebroresilience.com\/en\/wp-json\/wp\/v2\/media?parent=9874"}],"wp:term":[{"taxonomy":"post_tag","embeddable":true,"href":"https:\/\/www.ebroresilience.com\/en\/wp-json\/wp\/v2\/tags?post=9874"},{"taxonomy":"tribe_events_cat","embeddable":true,"href":"https:\/\/www.ebroresilience.com\/en\/wp-json\/wp\/v2\/tribe_events_cat?post=9874"}],"curies":[{"name":"wp","href":"https:\/\/api.w.org\/{rel}","templated":true}]}}

LIFE &#8211; Local forum on future land use in the meander of El Señorío, Castejón (Navarre)

<p><img fetchpriority="high" decoding="async" class="size-medium wp-image-9863 aligncenter" src="https://www.ebroresilience.com/wp-content/uploads/2024/02/WhatsApp-Image-2023-09-11-at-10.00.35-300x225.jpeg" alt="" width="300" height="225" srcset="https://www.ebroresilience.com/wp-content/uploads/2024/02/WhatsApp-Image-2023-09-11-at-10.00.35-300x225.jpeg 300w, https://www.ebroresilience.com/wp-content/uploads/2024/02/WhatsApp-Image-2023-09-11-at-10.00.35-1024x768.jpeg 1024w, https://www.ebroresilience.com/wp-content/uploads/2024/02/WhatsApp-Image-2023-09-11-at-10.00.35-768x576.jpeg 768w, https://www.ebroresilience.com/wp-content/uploads/2024/02/WhatsApp-Image-2023-09-11-at-10.00.35-1536x1152.jpeg 1536w, https://www.ebroresilience.com/wp-content/uploads/2024/02/WhatsApp-Image-2023-09-11-at-10.00.35-195x146.jpeg 195w, https://www.ebroresilience.com/wp-content/uploads/2024/02/WhatsApp-Image-2023-09-11-at-10.00.35-50x38.jpeg 50w, https://www.ebroresilience.com/wp-content/uploads/2024/02/WhatsApp-Image-2023-09-11-at-10.00.35-100x75.jpeg 100w, https://www.ebroresilience.com/wp-content/uploads/2024/02/WhatsApp-Image-2023-09-11-at-10.00.35-960x720.jpeg 960w, https://www.ebroresilience.com/wp-content/uploads/2024/02/WhatsApp-Image-2023-09-11-at-10.00.35.jpeg 1600w" sizes="(max-width:767px) 300px, 300px" /></p>
<p>&nbsp;</p>
<p>From the <strong>LIFE Ebro Resilience P1 Project</strong> we are involving the local population in the development of the interventions we carry out for flood risk reduction.</p>
<p>Therefore, we invite all interested people to a <strong>deliberative day </strong>in which we will collectively reflect on the <strong>future uses of the land of the meander of El Señorío</strong>, one of the areas of action. The forum will be held on <strong>March 6</strong><strong>from</strong><strong>5 p.m. to 8 p.m. at the Casa de Cultura of Castejón</strong> (C/Julián Gayarre, 4).&nbsp;</p>
<p>&nbsp;</p>
<p><strong>FORUM PROGRAM</strong></p>
<ul>
<li>Welcome and introduction of attendees. 10 min.</li>
<li>Introduction and context: the LIFE Ebro Resilience P1 project. 10 min.</li>
<li>El Señorío meander project: flood adaptation and mitigation interventions. 5 min.</li>
<li>Limitations on uses in the area of action. 20 min.</li>
<li>El Señorío meander project: river restoration interventions. 5 min.</li>
<li>Future uses for the meander of El Señorío: participatory dynamics. 90 min.&nbsp;</li>
<li>Closing and next steps. 10 min.</li>
</ul>
<p>&nbsp;</p>
<p>Registration at <a href="https://forms.gle/yuwhEShcHvEyADA89">https://forms.gle/yuwhEShcHvEyADA89</a>&nbsp;</p>
<p>Help us spread the word! Download the poster of the event <a href="https://www.ebroresilience.com/wp-content/uploads/2024/02/Cartel-foro-El-Senorio.png">here</a>.</p>
<p>Previous documentation:</p>
<ul>
<li><a href="https://www.ebroresilience.com/wp-content/uploads/2024/02/20240306-Programa-Foro-Usos-Futuros-El-Senorio.pdf">Forum program</a></li>
<li><a href="https://www.ebroresilience.com/eventos/life-jornada-y-visita-informativa-sobre-las-actuaciones-previstas-en-el-meandro-de-el-senorio-en-castejon/">Documentation of the information day on the actions planned for the Meander of El Señorío in Castejón, September 7, 2023.</a></li>
</ul>
