{"id":8464,"date":"2023-09-25T11:31:09","date_gmt":"2023-09-25T09:31:09","guid":{"rendered":"https:\/\/www.ebroresilience.com\/eventos\/life-informative-visit-to-the-meander-of-el-senorio-in-castejon\/"},"modified":"2025-01-08T02:22:58","modified_gmt":"2025-01-08T01:22:58","slug":"life-informative-visit-to-the-meander-of-el-senorio-in-castejon","status":"publish","type":"tribe_events","link":"https:\/\/www.ebroresilience.com\/en\/actualidad\/life-informative-visit-to-the-meander-of-el-senorio-in-castejon\/","title":{"rendered":"LIFE &#8211; Informative visit to the meander of El Se\u00f1or\u00edo in Castej\u00f3n"},"content":{"rendered":"<p><img fetchpriority=\"high\" decoding=\"async\" class=\"size-medium wp-image-8348 aligncenter\" src=\"https:\/\/www.ebroresilience.com\/wp-content\/uploads\/2023\/09\/JORNADA-EL-SENORIO-07-09-2023_05-300x198.jpg\" alt=\"Explanation of the adaptation project by David Gargantilla, from the Ebro Hydrographic Confederation.\" width=\"300\" height=\"198\" srcset=\"https:\/\/www.ebroresilience.com\/wp-content\/uploads\/2023\/09\/JORNADA-EL-SENORIO-07-09-2023_05-300x198.jpg 300w, https:\/\/www.ebroresilience.com\/wp-content\/uploads\/2023\/09\/JORNADA-EL-SENORIO-07-09-2023_05-1024x675.jpg 1024w, https:\/\/www.ebroresilience.com\/wp-content\/uploads\/2023\/09\/JORNADA-EL-SENORIO-07-09-2023_05-768x506.jpg 768w, https:\/\/www.ebroresilience.com\/wp-content\/uploads\/2023\/09\/JORNADA-EL-SENORIO-07-09-2023_05-1536x1012.jpg 1536w, https:\/\/www.ebroresilience.com\/wp-content\/uploads\/2023\/09\/JORNADA-EL-SENORIO-07-09-2023_05-2048x1350.jpg 2048w, https:\/\/www.ebroresilience.com\/wp-content\/uploads\/2023\/09\/JORNADA-EL-SENORIO-07-09-2023_05-222x146.jpg 222w, https:\/\/www.ebroresilience.com\/wp-content\/uploads\/2023\/09\/JORNADA-EL-SENORIO-07-09-2023_05-50x33.jpg 50w, https:\/\/www.ebroresilience.com\/wp-content\/uploads\/2023\/09\/JORNADA-EL-SENORIO-07-09-2023_05-114x75.jpg 114w\" sizes=\"(max-width:767px) 300px, 300px\" \/><\/p>\n<p dir=\"ltr\">From the LIFE Ebro Resilience P1 Project we would like to invite all interested persons to the<b> informative visit to the meander of El Se\u00f1or\u00edo, in Castej\u00f3n,<\/b>&nbsp;which will take place next&nbsp;<strong>October 5 from 5:00 pm to 6:30 pm<\/strong>. The meeting point for the visit is the <strong>Museum of Castej\u00f3n<\/strong> (Plaza Espa\u00f1a, 31590, Castej\u00f3n).&nbsp;During the visit we will learn about the morphological adaptation and restoration project to be implemented within the framework of the LIFE Ebro Resilience P1 project.&nbsp;<\/p>\n<p dir=\"ltr\">The visit is the second part of an information day on the project that we held on September 7. You can consult the presentations of the day in this link: <a href=\"https:\/\/www.ebroresilience.com\/eventos\/life-jornada-y-visita-informativa-sobre-las-actuaciones-previstas-en-el-meandro-de-el-senorio-en-castejon\/\">LIFE &#8211; Information day on the actions planned in the Meander of El Se\u00f1or\u00edo in Castej\u00f3n &#8211; Ebro Resilience<\/a><\/p>\n<p dir=\"ltr\">We are waiting for you!<\/p>\n<p><strong>Registrations<\/strong> at <a href=\"https:\/\/forms.gle\/3JnMCoJjsALuabkQA\">https:\/\/forms.gle\/3JnMCoJjsALuabkQA<\/a>.&nbsp;<\/p>\n<p><strong>Help us to spread the word!<\/strong> Download the poster of the day in <a href=\"https:\/\/www.ebroresilience.com\/wp-content\/uploads\/2023\/09\/20231005-cartel_visita_El_Senorio.pdf\">pdf<\/a> and <a href=\"https:\/\/www.ebroresilience.com\/wp-content\/uploads\/2023\/09\/20231005-cartel_visita_El_Senorio.pdf\">jpg<\/a>.<\/p>\n<p>&nbsp;<\/p>\n<p><img decoding=\"async\" class=\"size-medium wp-image-8346 aligncenter\" src=\"https:\/\/www.ebroresilience.com\/wp-content\/uploads\/2023\/09\/JORNADA-EL-SENORIO-07-09-2023_02-300x179.jpg\" alt=\"Informative conference held at the Museum of Castej\u00f3n, Navarre, on the meander of El Se\u00f1or\u00edo\" width=\"300\" height=\"179\" srcset=\"https:\/\/www.ebroresilience.com\/wp-content\/uploads\/2023\/09\/JORNADA-EL-SENORIO-07-09-2023_02-300x179.jpg 300w, https:\/\/www.ebroresilience.com\/wp-content\/uploads\/2023\/09\/JORNADA-EL-SENORIO-07-09-2023_02-1024x610.jpg 1024w, https:\/\/www.ebroresilience.com\/wp-content\/uploads\/2023\/09\/JORNADA-EL-SENORIO-07-09-2023_02-768x458.jpg 768w, https:\/\/www.ebroresilience.com\/wp-content\/uploads\/2023\/09\/JORNADA-EL-SENORIO-07-09-2023_02-1536x916.jpg 1536w, https:\/\/www.ebroresilience.com\/wp-content\/uploads\/2023\/09\/JORNADA-EL-SENORIO-07-09-2023_02-2048x1221.jpg 2048w, https:\/\/www.ebroresilience.com\/wp-content\/uploads\/2023\/09\/JORNADA-EL-SENORIO-07-09-2023_02-245x146.jpg 245w, https:\/\/www.ebroresilience.com\/wp-content\/uploads\/2023\/09\/JORNADA-EL-SENORIO-07-09-2023_02-50x30.jpg 50w, https:\/\/www.ebroresilience.com\/wp-content\/uploads\/2023\/09\/JORNADA-EL-SENORIO-07-09-2023_02-126x75.jpg 126w\" sizes=\"(max-width:767px) 300px, 300px\" \/><\/p>\n","protected":false},"excerpt":{"rendered":"<p>From the LIFE Ebro Resilience P1 Project we would like to invite all interested persons to the informative visit to the meander of El Se\u00f1or\u00edo, in Castej\u00f3n,&nbsp;which will take place next&nbsp;October 5 from 5:00 pm to 6:30 pm. The meeting<span class=\"excerpt-hellip\"> [\u2026]<\/span><\/p>\n","protected":false},"author":36,"featured_media":0,"template":"","meta":{"_acf_changed":false,"ngg_post_thumbnail":0,"_tribe_events_status":"","_tribe_events_status_reason":"","footnotes":""},"tags":[],"tribe_events_cat":[443],"class_list":["post-8464","tribe_events","type-tribe_events","status-publish","hentry","tribe_events_cat-conference","cat_conference"],"acf":[],"publishpress_future_workflow_manual_trigger":{"enabledWorkflows":[]},"_links":{"self":[{"href":"https:\/\/www.ebroresilience.com\/en\/wp-json\/wp\/v2\/tribe_events\/8464","targetHints":{"allow":["GET"]}}],"collection":[{"href":"https:\/\/www.ebroresilience.com\/en\/wp-json\/wp\/v2\/tribe_events"}],"about":[{"href":"https:\/\/www.ebroresilience.com\/en\/wp-json\/wp\/v2\/types\/tribe_events"}],"author":[{"embeddable":true,"href":"https:\/\/www.ebroresilience.com\/en\/wp-json\/wp\/v2\/users\/36"}],"version-history":[{"count":1,"href":"https:\/\/www.ebroresilience.com\/en\/wp-json\/wp\/v2\/tribe_events\/8464\/revisions"}],"predecessor-version":[{"id":8465,"href":"https:\/\/www.ebroresilience.com\/en\/wp-json\/wp\/v2\/tribe_events\/8464\/revisions\/8465"}],"wp:attachment":[{"href":"https:\/\/www.ebroresilience.com\/en\/wp-json\/wp\/v2\/media?parent=8464"}],"wp:term":[{"taxonomy":"post_tag","embeddable":true,"href":"https:\/\/www.ebroresilience.com\/en\/wp-json\/wp\/v2\/tags?post=8464"},{"taxonomy":"tribe_events_cat","embeddable":true,"href":"https:\/\/www.ebroresilience.com\/en\/wp-json\/wp\/v2\/tribe_events_cat?post=8464"}],"curies":[{"name":"wp","href":"https:\/\/api.w.org\/{rel}","templated":true}]}}

LIFE &#8211; Informative visit to the meander of El Señorío in Castejón

<p><img fetchpriority="high" decoding="async" class="size-medium wp-image-8348 aligncenter" src="https://www.ebroresilience.com/wp-content/uploads/2023/09/JORNADA-EL-SENORIO-07-09-2023_05-300x198.jpg" alt="Explanation of the adaptation project by David Gargantilla, from the Ebro Hydrographic Confederation." width="300" height="198" srcset="https://www.ebroresilience.com/wp-content/uploads/2023/09/JORNADA-EL-SENORIO-07-09-2023_05-300x198.jpg 300w, https://www.ebroresilience.com/wp-content/uploads/2023/09/JORNADA-EL-SENORIO-07-09-2023_05-1024x675.jpg 1024w, https://www.ebroresilience.com/wp-content/uploads/2023/09/JORNADA-EL-SENORIO-07-09-2023_05-768x506.jpg 768w, https://www.ebroresilience.com/wp-content/uploads/2023/09/JORNADA-EL-SENORIO-07-09-2023_05-1536x1012.jpg 1536w, https://www.ebroresilience.com/wp-content/uploads/2023/09/JORNADA-EL-SENORIO-07-09-2023_05-2048x1350.jpg 2048w, https://www.ebroresilience.com/wp-content/uploads/2023/09/JORNADA-EL-SENORIO-07-09-2023_05-222x146.jpg 222w, https://www.ebroresilience.com/wp-content/uploads/2023/09/JORNADA-EL-SENORIO-07-09-2023_05-50x33.jpg 50w, https://www.ebroresilience.com/wp-content/uploads/2023/09/JORNADA-EL-SENORIO-07-09-2023_05-114x75.jpg 114w" sizes="(max-width:767px) 300px, 300px" /></p>
<p dir="ltr">From the LIFE Ebro Resilience P1 Project we would like to invite all interested persons to the<b> informative visit to the meander of El Señorío, in Castejón,</b>&nbsp;which will take place next&nbsp;<strong>October 5 from 5:00 pm to 6:30 pm</strong>. The meeting point for the visit is the <strong>Museum of Castejón</strong> (Plaza España, 31590, Castejón).&nbsp;During the visit we will learn about the morphological adaptation and restoration project to be implemented within the framework of the LIFE Ebro Resilience P1 project.&nbsp;</p>
<p dir="ltr">The visit is the second part of an information day on the project that we held on September 7. You can consult the presentations of the day in this link: <a href="https://www.ebroresilience.com/eventos/life-jornada-y-visita-informativa-sobre-las-actuaciones-previstas-en-el-meandro-de-el-senorio-en-castejon/">LIFE &#8211; Information day on the actions planned in the Meander of El Señorío in Castejón &#8211; Ebro Resilience</a></p>
<p dir="ltr">We are waiting for you!</p>
<p><strong>Registrations</strong> at <a href="https://forms.gle/3JnMCoJjsALuabkQA">https://forms.gle/3JnMCoJjsALuabkQA</a>.&nbsp;</p>
<p><strong>Help us to spread the word!</strong> Download the poster of the day in <a href="https://www.ebroresilience.com/wp-content/uploads/2023/09/20231005-cartel_visita_El_Senorio.pdf">pdf</a> and <a href="https://www.ebroresilience.com/wp-content/uploads/2023/09/20231005-cartel_visita_El_Senorio.pdf">jpg</a>.</p>
<p>&nbsp;</p>
<p><img decoding="async" class="size-medium wp-image-8346 aligncenter" src="https://www.ebroresilience.com/wp-content/uploads/2023/09/JORNADA-EL-SENORIO-07-09-2023_02-300x179.jpg" alt="Informative conference held at the Museum of Castejón, Navarre, on the meander of El Señorío" width="300" height="179" srcset="https://www.ebroresilience.com/wp-content/uploads/2023/09/JORNADA-EL-SENORIO-07-09-2023_02-300x179.jpg 300w, https://www.ebroresilience.com/wp-content/uploads/2023/09/JORNADA-EL-SENORIO-07-09-2023_02-1024x610.jpg 1024w, https://www.ebroresilience.com/wp-content/uploads/2023/09/JORNADA-EL-SENORIO-07-09-2023_02-768x458.jpg 768w, https://www.ebroresilience.com/wp-content/uploads/2023/09/JORNADA-EL-SENORIO-07-09-2023_02-1536x916.jpg 1536w, https://www.ebroresilience.com/wp-content/uploads/2023/09/JORNADA-EL-SENORIO-07-09-2023_02-2048x1221.jpg 2048w, https://www.ebroresilience.com/wp-content/uploads/2023/09/JORNADA-EL-SENORIO-07-09-2023_02-245x146.jpg 245w, https://www.ebroresilience.com/wp-content/uploads/2023/09/JORNADA-EL-SENORIO-07-09-2023_02-50x30.jpg 50w, https://www.ebroresilience.com/wp-content/uploads/2023/09/JORNADA-EL-SENORIO-07-09-2023_02-126x75.jpg 126w" sizes="(max-width:767px) 300px, 300px" /></p>

<p>From the LIFE Ebro Resilience P1 Project we would like to invite all interested persons to the informative visit to the meander of El Señorío, in Castejón,&nbsp;which will take place next&nbsp;October 5 from 5:00 pm to 6:30 pm. The meeting<span class="excerpt-hellip"> […]</span></p>
