{"id":15442,"date":"2025-11-19T21:10:24","date_gmt":"2025-11-19T20:10:24","guid":{"rendered":"https:\/\/www.ebroresilience.com\/actualidad\/storytelling-the-colors-of-the-ebro-in-fuentes-de-ebro\/"},"modified":"2025-11-19T21:10:34","modified_gmt":"2025-11-19T20:10:34","slug":"storytelling-the-colors-of-the-ebro-in-fuentes-de-ebro","status":"publish","type":"tribe_events","link":"https:\/\/www.ebroresilience.com\/en\/actualidad\/storytelling-the-colors-of-the-ebro-in-fuentes-de-ebro\/","title":{"rendered":"Storytelling &#8220;The colors of the Ebro&#8221; in Fuentes de Ebro"},"content":{"rendered":"<p>Storytelling &#8220;The colors of the Ebro&#8221; in the environmental week of Fuentes de Ebro, CEIP Lu\u00eds Garc\u00eda S\u00e1inz.<\/p>\n","protected":false},"excerpt":{"rendered":"<p>Storytelling &#8220;The colors of the Ebro&#8221; in the environmental week of Fuentes de Ebro, CEIP Lu\u00eds Garc\u00eda S\u00e1inz.<\/p>\n","protected":false},"author":28,"featured_media":0,"template":"","meta":{"_acf_changed":false,"ngg_post_thumbnail":0,"_tribe_events_status":"","_tribe_events_status_reason":"","footnotes":""},"tags":[],"tribe_events_cat":[512],"class_list":["post-15442","tribe_events","type-tribe_events","status-publish","hentry","tribe_events_cat-workshops","cat_workshops"],"acf":[],"publishpress_future_workflow_manual_trigger":{"enabledWorkflows":[]},"_links":{"self":[{"href":"https:\/\/www.ebroresilience.com\/en\/wp-json\/wp\/v2\/tribe_events\/15442","targetHints":{"allow":["GET"]}}],"collection":[{"href":"https:\/\/www.ebroresilience.com\/en\/wp-json\/wp\/v2\/tribe_events"}],"about":[{"href":"https:\/\/www.ebroresilience.com\/en\/wp-json\/wp\/v2\/types\/tribe_events"}],"author":[{"embeddable":true,"href":"https:\/\/www.ebroresilience.com\/en\/wp-json\/wp\/v2\/users\/28"}],"version-history":[{"count":1,"href":"https:\/\/www.ebroresilience.com\/en\/wp-json\/wp\/v2\/tribe_events\/15442\/revisions"}],"predecessor-version":[{"id":15443,"href":"https:\/\/www.ebroresilience.com\/en\/wp-json\/wp\/v2\/tribe_events\/15442\/revisions\/15443"}],"wp:attachment":[{"href":"https:\/\/www.ebroresilience.com\/en\/wp-json\/wp\/v2\/media?parent=15442"}],"wp:term":[{"taxonomy":"post_tag","embeddable":true,"href":"https:\/\/www.ebroresilience.com\/en\/wp-json\/wp\/v2\/tags?post=15442"},{"taxonomy":"tribe_events_cat","embeddable":true,"href":"https:\/\/www.ebroresilience.com\/en\/wp-json\/wp\/v2\/tribe_events_cat?post=15442"}],"curies":[{"name":"wp","href":"https:\/\/api.w.org\/{rel}","templated":true}]}}

<p>Storytelling &#8220;The colors of the Ebro&#8221; in the environmental week of Fuentes de Ebro, CEIP Luís García Sáinz.</p>
