{"id":14851,"date":"2025-09-18T12:46:11","date_gmt":"2025-09-18T10:46:11","guid":{"rendered":"https:\/\/www.ebroresilience.com\/actualidad\/storytelling-about-the-colors-of-the-ebro\/"},"modified":"2025-09-18T12:46:11","modified_gmt":"2025-09-18T10:46:11","slug":"storytelling-about-the-colors-of-the-ebro","status":"publish","type":"tribe_events","link":"https:\/\/www.ebroresilience.com\/en\/actualidad\/storytelling-about-the-colors-of-the-ebro\/","title":{"rendered":"Storytelling about &#8220;The Colors of the Ebro&#8221;."},"content":{"rendered":"<p>On Saturday, September 13, we have organized with Pasea La Rioja (Government of La Rioja), a new storytelling about &#8220;The Colors of the Ebro&#8221;.<\/p>\n<p>In the Centro de Interpretaci\u00f3n de los Sotos de Alfaro y Sus Cig\u00fce\u00f1as, in Alfaro, where we have also installed this summer and until September 22 our exhibition &#8220;When the river recovers its space&#8221;, families have an appointment with the little drop Orbe. There they will learn about the changes experienced by the river and understand the concept of floods. <\/p>\n<p>An activity with previous registration at https:\/\/pasea.larioja.org\/actividades?idEd=615<\/p>\n<p><img fetchpriority=\"high\" decoding=\"async\" class=\"size-medium wp-image-14848 aligncenter\" src=\"https:\/\/www.ebroresilience.com\/wp-content\/uploads\/2025\/09\/WhatsApp-Image-2025-09-18-at-10.39.20-300x169.jpeg\" alt=\"\" width=\"300\" height=\"169\" srcset=\"https:\/\/www.ebroresilience.com\/wp-content\/uploads\/2025\/09\/WhatsApp-Image-2025-09-18-at-10.39.20-300x169.jpeg 300w, https:\/\/www.ebroresilience.com\/wp-content\/uploads\/2025\/09\/WhatsApp-Image-2025-09-18-at-10.39.20-1024x576.jpeg 1024w, https:\/\/www.ebroresilience.com\/wp-content\/uploads\/2025\/09\/WhatsApp-Image-2025-09-18-at-10.39.20-768x432.jpeg 768w, https:\/\/www.ebroresilience.com\/wp-content\/uploads\/2025\/09\/WhatsApp-Image-2025-09-18-at-10.39.20-133x75.jpeg 133w, https:\/\/www.ebroresilience.com\/wp-content\/uploads\/2025\/09\/WhatsApp-Image-2025-09-18-at-10.39.20-480x270.jpeg 480w, https:\/\/www.ebroresilience.com\/wp-content\/uploads\/2025\/09\/WhatsApp-Image-2025-09-18-at-10.39.20.jpeg 1280w\" sizes=\"(max-width:767px) 300px, 300px\" \/><\/p>\n","protected":false},"excerpt":{"rendered":"<p>On Saturday, September 13, we have organized with Pasea La Rioja (Government of La Rioja), a new storytelling about &#8220;The Colors of the Ebro&#8221;. In the Centro de Interpretaci\u00f3n de los Sotos de Alfaro y Sus Cig\u00fce\u00f1as, in Alfaro, where<span class=\"excerpt-hellip\"> [\u2026]<\/span><\/p>\n","protected":false},"author":36,"featured_media":0,"template":"","meta":{"_acf_changed":false,"ngg_post_thumbnail":0,"_tribe_events_status":"","_tribe_events_status_reason":"","footnotes":""},"tags":[],"tribe_events_cat":[659],"class_list":["post-14851","tribe_events","type-tribe_events","status-publish","hentry","tribe_events_cat-life-social-capacity-building","cat_life-social-capacity-building"],"acf":[],"publishpress_future_workflow_manual_trigger":{"enabledWorkflows":[]},"_links":{"self":[{"href":"https:\/\/www.ebroresilience.com\/en\/wp-json\/wp\/v2\/tribe_events\/14851","targetHints":{"allow":["GET"]}}],"collection":[{"href":"https:\/\/www.ebroresilience.com\/en\/wp-json\/wp\/v2\/tribe_events"}],"about":[{"href":"https:\/\/www.ebroresilience.com\/en\/wp-json\/wp\/v2\/types\/tribe_events"}],"author":[{"embeddable":true,"href":"https:\/\/www.ebroresilience.com\/en\/wp-json\/wp\/v2\/users\/36"}],"version-history":[{"count":0,"href":"https:\/\/www.ebroresilience.com\/en\/wp-json\/wp\/v2\/tribe_events\/14851\/revisions"}],"wp:attachment":[{"href":"https:\/\/www.ebroresilience.com\/en\/wp-json\/wp\/v2\/media?parent=14851"}],"wp:term":[{"taxonomy":"post_tag","embeddable":true,"href":"https:\/\/www.ebroresilience.com\/en\/wp-json\/wp\/v2\/tags?post=14851"},{"taxonomy":"tribe_events_cat","embeddable":true,"href":"https:\/\/www.ebroresilience.com\/en\/wp-json\/wp\/v2\/tribe_events_cat?post=14851"}],"curies":[{"name":"wp","href":"https:\/\/api.w.org\/{rel}","templated":true}]}}

<p>On Saturday, September 13, we have organized with Pasea La Rioja (Government of La Rioja), a new storytelling about &#8220;The Colors of the Ebro&#8221;.</p>
<p>In the Centro de Interpretación de los Sotos de Alfaro y Sus Cigüeñas, in Alfaro, where we have also installed this summer and until September 22 our exhibition &#8220;When the river recovers its space&#8221;, families have an appointment with the little drop Orbe. There they will learn about the changes experienced by the river and understand the concept of floods. </p>
<p>An activity with previous registration at https://pasea.larioja.org/actividades?idEd=615</p>
<p><img fetchpriority="high" decoding="async" class="size-medium wp-image-14848 aligncenter" src="https://www.ebroresilience.com/wp-content/uploads/2025/09/WhatsApp-Image-2025-09-18-at-10.39.20-300x169.jpeg" alt="" width="300" height="169" srcset="https://www.ebroresilience.com/wp-content/uploads/2025/09/WhatsApp-Image-2025-09-18-at-10.39.20-300x169.jpeg 300w, https://www.ebroresilience.com/wp-content/uploads/2025/09/WhatsApp-Image-2025-09-18-at-10.39.20-1024x576.jpeg 1024w, https://www.ebroresilience.com/wp-content/uploads/2025/09/WhatsApp-Image-2025-09-18-at-10.39.20-768x432.jpeg 768w, https://www.ebroresilience.com/wp-content/uploads/2025/09/WhatsApp-Image-2025-09-18-at-10.39.20-133x75.jpeg 133w, https://www.ebroresilience.com/wp-content/uploads/2025/09/WhatsApp-Image-2025-09-18-at-10.39.20-480x270.jpeg 480w, https://www.ebroresilience.com/wp-content/uploads/2025/09/WhatsApp-Image-2025-09-18-at-10.39.20.jpeg 1280w" sizes="(max-width:767px) 300px, 300px" /></p>

<p>On Saturday, September 13, we have organized with Pasea La Rioja (Government of La Rioja), a new storytelling about &#8220;The Colors of the Ebro&#8221;. In the Centro de Interpretación de los Sotos de Alfaro y Sus Cigüeñas, in Alfaro, where<span class="excerpt-hellip"> […]</span></p>
